of 1 + 1/(-2) - 35210/20*-21?
11, 3361
Suppose -4*a + 31536 = 3*q + a, 2*q - 4*a - 21002 = 0. Suppose -4039 = 7*v - q. List the prime factors of v.
2, 3, 7, 11
Let s = -11 - -75. Suppose 2*x = 4*z - s, -4*x + 11 = 4*z - 65. Let l(u) = 2*u + 56. What are the prime factors of l(z)?
2, 3, 5
Suppose 0 = f + 3*i - 4*i - 5286, 4*f = -5*i + 21135. Suppose 42*p = 47*p - f. List the prime factors of p.
7, 151
List the prime factors of (75/6)/(-5)*(728880/(-25) + -2).
72893
Let h(n) = 2*n**3 - 10*n**2 + 7*n - 33. Let f be h(5). What are the prime factors of 1189 - f/2 - -6?
2, 3, 199
Let w(h) = -35*h + 2. Let z(i) be the third derivative of -17*i**4/12 + i**3/6 - 24*i**2. Let m(x) = 3*w(x) - 4*z(x). List the prime factors of m(3).
5, 19
Let w(n) = -n**3 - 18*n**2 - 40*n - 36. Let y be w(-17). Let g = -245 + y. What are the prime factors of g?
2, 5, 11
Let k = -46 + 228. Suppose 0 = -3*z + 5*g + 702 + k, 3*g - 852 = -3*z. What are the prime factors of z?
2, 3
Let j(a) = -2*a**2 + 45*a + 57. Let p(z) = 5*z**2 - 134*z - 170. Let b(x) = 11*j(x) + 4*p(x). List the prime factors of b(-17).
2, 3, 11
List the prime factors of (5465 - 0) + -248 + 261.
2, 3, 11, 83
Let u be 29918/63 + (-3)/(-27). Let f = u + -269. What are the prime factors of f?
2, 103
Let o(g) = -15*g**2 - 18*g**2 + 7 + 13 + 34*g**2 + 15*g. Let j(d) = d**2 + 14*d + 21. Let n(u) = 5*j(u) - 6*o(u). What are the prime factors of n(-8)?
3
Suppose 2*a - 45 = 5*f + 7*a, 0 = f + 4*a. Let z be (-6)/14 + f/(-28). Suppose -10*p + 1701 - 461 = z. List the prime factors of p.
2, 31
Suppose g + 0*g = d + 3, g - 11 = -3*d. Suppose 14*r - 11*r - n = 2213, g*r = n + 3689. What are the prime factors of r?
2, 3, 41
Let v be 49/343 + (-34)/(-7). Suppose -4*i - 4*r + 4360 = 0, -v*i = 2*r - 5*r - 5434. What are the prime factors of i?
2, 17
Let g(b) = 79*b**2 + 33*b - 206. Let z be g(8). Suppose 17*y + z = 20*y - u, -4*u + 8512 = 5*y. List the prime factors of y.
2, 3, 71
Suppose 417*d + 304824 = 469*d. What are the prime factors of d?
2, 3, 977
Let o(h) = -16950*h - 4613. List the prime factors of o(-5).
127, 631
Let d(t) = 33*t**3 - 20*t**2 + 35*t + 27. List the prime factors of d(10).
3, 10459
Suppose -12*c + 32 = 92. List the prime factors of (c - 18/(-4))*(-134 - 0).
67
Let d(h) be the first derivative of -h**4/4 + 3*h**3 + 11*h**2/2 - h + 346. Suppose 0 = -p - 4*p + 50. What are the prime factors of d(p)?
3
Let l be (-3)/2 + (-410)/(-4) + -1. Suppose -3*b = 3*u - 0*u + 102, -4*u - l = -5*b. List the prime factors of (-1 - 33)*u/20.
3, 17
Let g be (234/8)/(12/(-32)). Let w = 333 + g. Suppose -41*i + 36*i = -w. What are the prime factors of i?
3, 17
Let r = -53 + 302. Suppose -20 = -o - 4*o - 5*l, -l = 3*o - 8. Suppose r = o*h + h. List the prime factors of h.
83
Let a(y) = 115*y**2 - 3*y - 2. Let d be a(-2). Let l be 5 + (-78)/14 + 25/7. Suppose l*z + 119 = d. What are the prime factors of z?
5, 23
Suppose -559*m + 571*m = 72396. List the prime factors of m.
3, 2011
Let r(y) = y**3 + 43*y**2 - 37*y + 136. What are the prime factors of r(22)?
2, 15391
Let x(z) = -2*z**2 + 38 + 3*z**2 + 4*z + 0*z**2 - 37. Let w be x(-2). What are the prime factors of (-12)/8*34/w?
17
Let t be 1 + ((-10)/(-4) - 1/2). Suppose 4*c + 3*h = -81, -t*c - 35 = -5*h + 4. Let r(k) = -k**3 - 18*k**2 - 6*k - 25. What are the prime factors of r(c)?
83
Let d(q) be the second derivative of 17*q**4/12 - 4*q**3/3 - 26*q**2 - 36*q + 1. List the prime factors of d(-5).
7, 59
Let l(v) = 2*v**3 + 39*v**2 - 32*v - 4. List the prime factors of l(-18).
2, 193
Suppose -2*c - 5*y + 11 = 0, 28*y - 2 = -5*c + 24*y. List the prime factors of (1 - 575/c) + (-4)/(-8).
17
List the prime factors of (2050 + (-30)/3)/((-15)/(-170) + 0).
2, 5, 17
Suppose -5*l - 4*i = -2065, i + 1372 = 5*l - 718. Let s = 823 - l. What are the prime factors of s?
2, 7, 29
Let f(d) = -d**2 + 50*d - 83. Let g(w) = -2*w**3 - 8*w**2 - 7*w - 8. Let h be g(-4). List the prime factors of f(h).
11, 47
Let p = -1145 - -2286. Let o = -198 + p. What are the prime factors of o?
23, 41
Let o(r) = -46*r**3 + 4*r**2 + 19*r - 11. Let u(m) = -47*m**3 + 3*m**2 + 17*m - 10. Let s(f) = 6*o(f) - 7*u(f). List the prime factors of s(2).
2, 5, 43
Let k = 71078 + -30067. List the prime factors of k.
41011
Let a(m) = -m**3 - 11*m**2 + 12*m. Let k be a(-12). Let z(j) = -5*j + 4. Let i be z(k). Suppose 0 = -i*o + 9*o - 585. List the prime factors of o.
3, 13
Suppose -23*d + 64 = -7*d. Let j be (0/(-3))/(1 + d + -3). Suppose -3*g - g = 20, j = 3*m - 3*g - 54. What are the prime factors of m?
13
Suppose 6*h - 2*h = 1176. Let n = h + 6. List the prime factors of n.
2, 3, 5
Suppose l + 40 = 21*l. Suppose 4*m = -2*o + 938, -l*o - 4*m + 2375 = 3*o. List the prime factors of o.
479
Let o(b) = -8*b - 32. Let m be o(-22). Suppose 114*g = 116*g - m. What are the prime factors of g?
2, 3
Let h = 93239 - 66148. List the prime factors of h.
27091
Let h(r) = 5*r**3 - r**2 - 6*r - 3. Let s be -1 + 4 + 1 + 0. Let o be h(s). Suppose 20 = -5*t, -5*d + o = -5*t + 12. What are the prime factors of d?
7
Suppose 5*l + 2*f - 2756 = 18169, -4*f + 8370 = 2*l. What are the prime factors of l?
3, 5, 31
Suppose 150*k - 3472314 + 845362 = -14*k. List the prime factors of k.
2, 8009
Suppose 4*r + 16 = 2*g + 3*g, -16 = 4*r. Suppose -21*t + 16*t + 3985 = g. What are the prime factors of t?
797
Suppose -6*p + 3*p + 1584 = 3*o, o = p + 532. Let h = o + 555. List the prime factors of h.
5, 7, 31
Let g = -46 - -33. Let n be (-4 - g) + (-1 - 1). Suppose -4*u - 3*k = -n*k - 200, k = 4*u - 191. List the prime factors of u.
47
Suppose -w = -2*d - 7258 - 2850, -50491 = -5*w + 3*d. What are the prime factors of w?
2, 7, 103
Let f(k) = -9*k**2 + 3*k + 2. Let p = 32 - 28. Let b be f(p). What are the prime factors of (-3 - -1) + 2 - b?
2, 5, 13
Let q(t) = -3*t**3 - 31*t**2 + 47*t + 165. What are the prime factors of q(-22)?
3, 11, 487
Let d = 7103 - 1484. What are the prime factors of d?
3, 1873
Let h(q) = 2*q**3 + 6*q**2 + 3*q + 11. Let x(p) = -p**3 - 3*p**2 - 2*p - 12. Let z(n) = -3*h(n) - 4*x(n). What are the prime factors of z(-5)?
2, 3, 5
What are the prime factors of 9/((-18)/(-24292)*(-66)/(-99))?
3, 6073
Let v = 61 + 14. Let g be (-176)/5 + (-5)/(-25). Let k = g + v. What are the prime factors of k?
2, 5
Suppose 270 = y + v, -y + 2*v - 275 = -2*y. Let w = -188 + y. Suppose 3*q = 5*i + 197, -q - i - 3*i + w = 0. List the prime factors of q.
3, 23
Let b(u) = u**2 - 3*u - 18. Let o be b(6). List the prime factors of 1210 + o - (46 - 52).
2, 19
Let u(o) = 4*o**2 - 9 - 21*o + 14*o + 5*o + 6*o + 3. Let c be -9*(8/6)/2. List the prime factors of u(c).
2, 3, 19
Let s = -4972 + 4974. Let f be (0 + 1)*0 - -150. Suppose 32 = -4*o + 3*x + 318, -s*o + 5*x = -f. What are the prime factors of o?
2, 5, 7
Let x be (-8)/(-10) - (-30)/25. Suppose 0 = 4*r - 4*a - 284, -4*r + 4*a + 282 = x*a. What are the prime factors of r?
2, 5, 7
Suppose -9*z - 19289 + 2522 = 0. What are the prime factors of z/(-6)*18/27?
3, 23
Let y be ((-95)/57)/(1/(-9)). What are the prime factors of ((-12)/y)/((-16)/16560)?
2, 3, 23
Let v(f) = -f**3 + 18*f**2 + 19*f + 10. Let b be v(19). Suppose b*o = 7*o - 168. Let d = o + 106. What are the prime factors of d?
2, 5
Suppose 51 - 15 = 18*k. List the prime factors of k - 2030/28*(-48)/10.
2, 5, 7
Let g = 137 - 132. Suppose -3*f + 715 = g*w, 2*f + 131 = 4*w - 419. List the prime factors of w.
2, 5, 7
Suppose -s = -v + 703, -6*v = -v - 4*s - 3510. Suppose -6*y + v = 146. What are the prime factors of y?
2, 23
Let h = -6148 + 10271. List the prime factors of h.
7, 19, 31
Suppose 4*n = -85*n + 77290 + 246759. List the prime factors of n.
11, 331
Suppose 0 = -p - 4 + 2, -3*p = -3*t - 27. Suppose -5*r = h - 9, 18 = -4*r + 3*h + 10. List the prime factors of (-2 + r)*(t + -4 + -2).
17
Let a be 4*1 - 3/(-15)*-5. List the prime factors of 4/a + 7490/21 + 3.
19
Let t(s) = 3*s**2 + 4*s + 145. Let v(a) = a**2 + 23*a + 107. Let f be v(-11). List the prime factors of t(f).
2, 3, 5
Suppose -1675*d - 538813 = -1727*d + 759211. What are the prime factors of d?
2, 7, 1783
Suppose 36 = -61*i + 65*i. Let t be (3 + (-51)/9)*i/(-6). Suppose t*p = 20, k - 5*k - p + 189 = 0. List the prime factors of k.
2, 23
Let w be 35/11 - 2/11. Suppose 0 = 2*x - 3*c - 633, -3*